74.125.16.1 www.cadacademy.org.za - [24/Aug/2010:11:56:47 +0200] "GET / HTTP/1.1" 200 589 "-" "Feedfetcher-Google; (+http://www.google.com/feedfetcher.html; feed-id=1205447457238165035)"
216.145.5.42 www.africanacademy.org.za - [24/Aug/2010:12:15:12 +0200] "GET /robots.txt HTTP/1.0" 404 204 "-" "Mozilla/5.0 (Windows; U; Windows NT 5.1; en; rv:1.9.0.13) Gecko/2009073022 Firefox/3.5.2 (.NET CLR 3.5.30729) SurveyBot/2.3 (DomainTools)"
216.145.5.42 www.africanacademy.org.za - [24/Aug/2010:12:15:13 +0200] "GET / HTTP/1.1" 200 589 "http://whois.domaintools.com/africanacademy.org.za" "Mozilla/5.0 (Windows; U; Windows NT 5.1; en; rv:1.9.0.13) Gecko/2009073022 Firefox/3.5.2 (.NET CLR 3.5.30729) SurveyBot/2.3 (DomainTools)"
67.195.115.171 www.cadacademy.org.za - [24/Aug/2010:12:42:11 +0200] "GET /robots.txt HTTP/1.0" 404 204 "-" "Mozilla/5.0 (compatible; Yahoo! Slurp; http://help.yahoo.com/help/us/ysearch/slurp)"
67.195.115.171 www.cadacademy.org.za - [24/Aug/2010:12:42:12 +0200] "GET /?N=D HTTP/1.0" 200 577 "-" "Mozilla/5.0 (compatible; Yahoo! Slurp/3.0; http://help.yahoo.com/help/us/ysearch/slurp)"
139.18.13.202 www.cadacademy.org.za - [24/Aug/2010:12:47:19 +0200] "GET /?M=A HTTP/1.1" 200 589 "-" "findlinks/1.1.6-beta3 (+http://wortschatz.uni-leipzig.de/findlinks/)"
66.249.68.199 www.cadacademy.org.za - [24/Aug/2010:13:05:20 +0200] "GET /robots.txt HTTP/1.1" 404 216 "-" "Mozilla/5.0 (compatible; Googlebot/2.1; +http://www.google.com/bot.html)"
66.249.68.199 www.cadacademy.org.za - [24/Aug/2010:13:05:20 +0200] "GET / HTTP/1.1" 200 589 "-" "Mozilla/5.0 (compatible; Googlebot/2.1; +http://www.google.com/bot.html)"
74.125.16.1 www.cadacademy.org.za - [24/Aug/2010:15:04:00 +0200] "GET / HTTP/1.1" 200 589 "-" "Feedfetcher-Google; (+http://www.google.com/feedfetcher.html; feed-id=1205447457238165035)"
74.125.16.1 www.cadacademy.org.za - [24/Aug/2010:15:44:21 +0200] "GET / HTTP/1.1" 200 589 "-" "Feedfetcher-Google; (+http://www.google.com/feedfetcher.html; feed-id=1205447457238165035)"
74.125.16.1 www.cadacademy.org.za - [24/Aug/2010:16:37:51 +0200] "GET / HTTP/1.1" 200 589 "-" "Feedfetcher-Google; (+http://www.google.com/feedfetcher.html; feed-id=1205447457238165035)"
74.125.16.1 www.cadacademy.org.za - [24/Aug/2010:16:59:20 +0200] "GET / HTTP/1.1" 200 589 "-" "Feedfetcher-Google; (+http://www.google.com/feedfetcher.html; feed-id=1205447457238165035)"
208.80.194.32 www.cadacademy.org.za - [24/Aug/2010:17:56:05 +0200] "GET / HTTP/1.0" 200 577 "-" "Mozilla/4.0 (compatible; MSIE 6.0; Windows NT 5.1; SV1; UMLib User; .NET CLR 1.1.4322; InfoPath.1; .NET CLR 2.0.50727)"
208.80.194.30 www.cadacademy.org.za - [24/Aug/2010:21:06:58 +0200] "GET / HTTP/1.0" 200 577 "-" "Mozilla/4.0 (compatible; MSIE 7.0; Windows NT 5.1; YPC 3.2.0; InfoPath.1; .NET CLR 1.1.4322; yplus 5.3.04b)"
208.80.194.36 www.africanacademy.org.za - [24/Aug/2010:21:32:50 +0200] "GET / HTTP/1.0" 200 577 "-" "Mozilla/4.0 (compatible; MSIE 7.0; Windows NT 5.1; YPC 3.2.0; IEMB3; .NET CLR 1.1.4322; IEMB3)"
67.195.112.159 www.africanacademy.org.za - [24/Aug/2010:23:15:03 +0200] "GET /robots.txt HTTP/1.0" 404 204 "-" "Mozilla/5.0 (compatible; Yahoo! Slurp; http://help.yahoo.com/help/us/ysearch/slurp)"
67.195.112.159 www.africanacademy.org.za - [24/Aug/2010:23:15:04 +0200] "GET /?D=D HTTP/1.0" 200 577 "-" "Mozilla/5.0 (compatible; Yahoo! Slurp/3.0; http://help.yahoo.com/help/us/ysearch/slurp)"
67.195.112.159 www.africanacademy.org.za - [25/Aug/2010:02:15:39 +0200] "GET /?S=A HTTP/1.0" 200 577 "-" "Mozilla/5.0 (compatible; Yahoo! Slurp/3.0; http://help.yahoo.com/help/us/ysearch/slurp)"
207.46.199.201 www.cadacademy.org.za - [25/Aug/2010:03:58:05 +0200] "GET /robots.txt HTTP/1.1" 404 216 "-" "msnbot/2.0b (+http://search.msn.com/msnbot.htm)"
207.46.199.193 www.cadacademy.org.za - [25/Aug/2010:04:31:15 +0200] "GET /robots.txt HTTP/1.1" 404 216 "-" "msnbot/2.0b (+http://search.msn.com/msnbot.htm)"
208.80.194.51 www.africanacademy.org.za - [25/Aug/2010:04:57:20 +0200] "GET / HTTP/1.0" 200 577 "-" "Mozilla/4.0 (compatible; MSIE 6.0; Windows NT 5.0; .NET CLR 1.1.4322; .NET CLR 2.0.50727; SpamBlockerUtility 4.8.4; PeoplePal 3.0)"
216.145.14.142 www.cadacademy.org.za - [25/Aug/2010:08:06:21 +0200] "GET /robots.txt HTTP/1.0" 404 204 "-" "Mozilla/5.0 (Windows; U; Windows NT 5.1; en; rv:1.9.0.13) Gecko/2009073022 Firefox/3.5.2 (.NET CLR 3.5.30729) SurveyBot/2.3 (DomainTools)"
216.145.14.142 www.cadacademy.org.za - [25/Aug/2010:08:06:22 +0200] "GET / HTTP/1.1" 200 589 "http://whois.domaintools.com/cadacademy.org.za" "Mozilla/5.0 (Windows; U; Windows NT 5.1; en; rv:1.9.0.13) Gecko/2009073022 Firefox/3.5.2 (.NET CLR 3.5.30729) SurveyBot/2.3 (DomainTools)"
74.125.16.1 www.cadacademy.org.za - [25/Aug/2010:08:26:17 +0200] "GET / HTTP/1.1" 200 589 "-" "Feedfetcher-Google; (+http://www.google.com/feedfetcher.html; feed-id=1205447457238165035)"
67.195.115.171 www.cadacademy.org.za - [25/Aug/2010:08:53:06 +0200] "GET /robots.txt HTTP/1.0" 404 204 "-" "Mozilla/5.0 (compatible; Yahoo! Slurp; http://help.yahoo.com/help/us/ysearch/slurp)"
67.195.115.171 www.cadacademy.org.za - [25/Aug/2010:08:53:08 +0200] "GET / HTTP/1.0" 200 577 "-" "Mozilla/5.0 (compatible; Yahoo! Slurp/3.0; http://help.yahoo.com/help/us/ysearch/slurp)"
74.125.16.1 www.cadacademy.org.za - [25/Aug/2010:09:23:18 +0200] "GET / HTTP/1.1" 200 589 "-" "Feedfetcher-Google; (+http://www.google.com/feedfetcher.html; feed-id=1205447457238165035)"
74.125.16.1 www.cadacademy.org.za - [25/Aug/2010:14:22:41 +0200] "GET / HTTP/1.1" 200 589 "-" "Feedfetcher-Google; (+http://www.google.com/feedfetcher.html; feed-id=1205447457238165035)"
65.52.49.141 www.cadacademy.org.za - [25/Aug/2010:15:06:30 +0200] "GET /robots.txt HTTP/1.1" 404 216 "-" "msnbot/2.0b (+http://search.msn.com/msnbot.htm)"
74.125.16.1 www.cadacademy.org.za - [25/Aug/2010:15:56:19 +0200] "GET / HTTP/1.1" 200 589 "-" "Feedfetcher-Google; (+http://www.google.com/feedfetcher.html; feed-id=1205447457238165035)"
74.125.16.1 www.cadacademy.org.za - [25/Aug/2010:19:26:55 +0200] "GET / HTTP/1.1" 200 589 "-" "Feedfetcher-Google; (+http://www.google.com/feedfetcher.html; feed-id=1205447457238165035)"
66.249.68.199 www.cadacademy.org.za - [25/Aug/2010:22:35:11 +0200] "GET /robots.txt HTTP/1.1" 404 216 "-" "Mozilla/5.0 (compatible; Googlebot/2.1; +http://www.google.com/bot.html)"
66.249.68.199 www.cadacademy.org.za - [25/Aug/2010:22:35:12 +0200] "GET / HTTP/1.1" 200 589 "-" "Mozilla/5.0 (compatible; Googlebot/2.1; +http://www.google.com/bot.html)"
67.195.115.171 www.cadacademy.org.za - [25/Aug/2010:22:57:56 +0200] "GET /robots.txt HTTP/1.0" 404 204 "-" "Mozilla/5.0 (compatible; Yahoo! Slurp; http://help.yahoo.com/help/us/ysearch/slurp)"
67.195.115.171 www.cadacademy.org.za - [25/Aug/2010:22:57:58 +0200] "GET / HTTP/1.0" 200 577 "-" "Mozilla/5.0 (compatible; Yahoo! Slurp/3.0; http://help.yahoo.com/help/us/ysearch/slurp)"
207.46.199.184 www.cadacademy.org.za - [26/Aug/2010:02:41:24 +0200] "GET /robots.txt HTTP/1.1" 404 216 "-" "msnbot/2.0b (+http://search.msn.com/msnbot.htm)"
207.46.199.198 www.cadacademy.org.za - [26/Aug/2010:03:39:42 +0200] "GET /robots.txt HTTP/1.1" 404 216 "-" "msnbot/2.0b (+http://search.msn.com/msnbot.htm)"
208.80.194.35 www.cadacademy.org.za - [26/Aug/2010:03:48:23 +0200] "GET / HTTP/1.0" 200 577 "-" "Mozilla/4.0 (compatible; MSIE 7.0; America Online Browser 1.1; Windows NT 5.1; FunWebProducts; (R1 1.5); .NET CLR 1.1.4322)"
207.46.13.54 www.cadacademy.org.za - [26/Aug/2010:06:02:40 +0200] "GET /robots.txt HTTP/1.1" 404 216 "-" "msnbot/2.0b (+http://search.msn.com/msnbot.htm)"
207.46.13.54 www.cadacademy.org.za - [26/Aug/2010:06:09:11 +0200] "GET / HTTP/1.1" 200 589 "-" "msnbot/2.0b (+http://search.msn.com/msnbot.htm)"
207.46.13.52 www.cadacademy.org.za - [26/Aug/2010:06:23:56 +0200] "GET /robots.txt HTTP/1.1" 404 216 "-" "msnbot/2.0b (+http://search.msn.com/msnbot.htm)"
207.46.13.52 www.cadacademy.org.za - [26/Aug/2010:06:30:12 +0200] "GET /start.htm HTTP/1.1" 404 215 "-" "msnbot/2.0b (+http://search.msn.com/msnbot.htm)"
208.80.194.30 www.cadacademy.org.za - [26/Aug/2010:06:51:50 +0200] "GET / HTTP/1.0" 200 577 "-" "Mozilla/4.0 (compatible; MSIE 6.0; Windows NT 5.1; SV1; .NET CLR 1.1.4322; MSN 9.0; MSNbMSNI; MSNmen-us; MSNcIA; MPLUS)"
208.80.194.30 www.africanacademy.org.za - [26/Aug/2010:07:18:13 +0200] "GET / HTTP/1.0" 200 577 "-" "Mozilla/4.0 (compatible; MSIE 7.0; Windows NT 5.1; Comcast Install 1.0; InfoPath.1; IEMB3; .NET CLR 1.1.4322; IEMB3)"
74.125.16.1 www.cadacademy.org.za - [26/Aug/2010:09:18:57 +0200] "GET / HTTP/1.1" 200 589 "-" "Feedfetcher-Google; (+http://www.google.com/feedfetcher.html; feed-id=1205447457238165035)"
74.125.16.1 www.cadacademy.org.za - [26/Aug/2010:12:18:36 +0200] "GET / HTTP/1.1" 200 589 "-" "Feedfetcher-Google; (+http://www.google.com/feedfetcher.html; feed-id=1205447457238165035)"
208.80.194.37 www.africanacademy.org.za - [26/Aug/2010:14:44:36 +0200] "GET / HTTP/1.0" 200 577 "-" "Mozilla/4.0 (compatible; MSIE 6.0; Windows NT 5.1; SV1; .NET CLR 1.1.4322; .NET CLR 1.0.3705; ZangoToolbar 4.8.2)"
65.52.53.245 www.cadacademy.org.za - [26/Aug/2010:18:35:29 +0200] "GET /robots.txt HTTP/1.1" 404 216 "-" "msnbot/2.0b (+http://search.msn.com/msnbot.htm)"
74.125.16.1 www.cadacademy.org.za - [26/Aug/2010:19:15:18 +0200] "GET / HTTP/1.1" 200 589 "-" "Feedfetcher-Google; (+http://www.google.com/feedfetcher.html; feed-id=1205447457238165035)"
207.46.13.88 www.cadacademy.org.za - [26/Aug/2010:19:30:58 +0200] "GET /robots.txt HTTP/1.1" 404 216 "-" "msnbot/2.0b (+http://search.msn.com/msnbot.htm)"
207.46.13.88 www.cadacademy.org.za - [26/Aug/2010:19:49:47 +0200] "GET /?D=A HTTP/1.1" 200 589 "-" "msnbot/2.0b (+http://search.msn.com/msnbot.htm)"
74.125.16.1 www.cadacademy.org.za - [26/Aug/2010:22:40:16 +0200] "GET / HTTP/1.1" 200 589 "-" "Feedfetcher-Google; (+http://www.google.com/feedfetcher.html; feed-id=1205447457238165035)"
85.92.222.254 www.cadacademy.org.za - [27/Aug/2010:01:07:33 +0200] "GET / HTTP/1.1" 200 589 "-" "Mozilla/4.0"
66.249.68.41 www.africanacademy.org.za - [27/Aug/2010:01:59:07 +0200] "GET /robots.txt HTTP/1.1" 404 216 "-" "Mozilla/5.0 (compatible; Googlebot/2.1; +http://www.google.com/bot.html)"
66.249.68.41 www.africanacademy.org.za - [27/Aug/2010:01:59:08 +0200] "GET / HTTP/1.1" 200 589 "-" "Mozilla/5.0 (compatible; Googlebot/2.1; +http://www.google.com/bot.html)"
66.249.68.199 www.cadacademy.org.za - [27/Aug/2010:02:34:30 +0200] "GET /robots.txt HTTP/1.1" 404 216 "-" "Mozilla/5.0 (compatible; Googlebot/2.1; +http://www.google.com/bot.html)"
66.249.68.199 www.cadacademy.org.za - [27/Aug/2010:02:34:31 +0200] "GET / HTTP/1.1" 200 589 "-" "Mozilla/5.0 (compatible; Googlebot/2.1; +http://www.google.com/bot.html)"
196.37.171.138 www.cadacademy.org.za - [27/Aug/2010:11:39:02 +0200] "GET / HTTP/1.1" 200 589 "http://www.charitysa.co.za/aacae.html" "Mozilla/4.0 (compatible; MSIE 8.0; Windows NT 5.1; Trident/4.0; .NET CLR 1.1.4322; .NET CLR 2.0.50727; InfoPath.1; .NET CLR 3.0.4506.2152; .NET CLR 3.5.30729)"
196.37.171.138 www.cadacademy.org.za - [27/Aug/2010:11:39:03 +0200] "GET /icons/blank.gif HTTP/1.1" 200 148 "http://www.cadacademy.org.za/" "Mozilla/4.0 (compatible; MSIE 8.0; Windows NT 5.1; Trident/4.0; .NET CLR 1.1.4322; .NET CLR 2.0.50727; InfoPath.1; .NET CLR 3.0.4506.2152; .NET CLR 3.5.30729)"
196.37.171.138 www.cadacademy.org.za - [27/Aug/2010:11:39:03 +0200] "GET /icons/back.gif HTTP/1.1" 200 216 "http://www.cadacademy.org.za/" "Mozilla/4.0 (compatible; MSIE 8.0; Windows NT 5.1; Trident/4.0; .NET CLR 1.1.4322; .NET CLR 2.0.50727; InfoPath.1; .NET CLR 3.0.4506.2152; .NET CLR 3.5.30729)"
196.37.171.138 www.cadacademy.org.za - [27/Aug/2010:11:39:04 +0200] "GET /icons/unknown.gif HTTP/1.1" 200 245 "http://www.cadacademy.org.za/" "Mozilla/4.0 (compatible; MSIE 8.0; Windows NT 5.1; Trident/4.0; .NET CLR 1.1.4322; .NET CLR 2.0.50727; InfoPath.1; .NET CLR 3.0.4506.2152; .NET CLR 3.5.30729)"
196.37.171.138 www.cadacademy.org.za - [27/Aug/2010:11:39:08 +0200] "GET /favicon.ico HTTP/1.1" 404 217 "-" "Mozilla/4.0 (compatible; MSIE 8.0; Windows NT 5.1; Trident/4.0; .NET CLR 1.1.4322; .NET CLR 2.0.50727; InfoPath.1; .NET CLR 3.0.4506.2152; .NET CLR 3.5.30729)"
208.80.194.32 www.cadacademy.org.za - [27/Aug/2010:13:36:48 +0200] "GET / HTTP/1.0" 200 577 "-" "Mozilla/4.0 (compatible; MSIE 6.0; Windows NT 5.1; SV1; OptusNetDSL6; FunWebProducts)"
66.249.68.199 www.cadacademy.org.za - [27/Aug/2010:15:53:16 +0200] "GET /robots.txt HTTP/1.1" 404 216 "-" "Googlebot-Image/1.0"
66.249.68.199 www.cadacademy.org.za - [27/Aug/2010:15:53:18 +0200] "GET /icons/unknown.gif HTTP/1.1" 304 - "-" "Googlebot-Image/1.0"
208.80.194.31 www.cadacademy.org.za - [27/Aug/2010:16:38:32 +0200] "GET / HTTP/1.0" 200 577 "-" "Mozilla/4.0 (compatible; MSIE 6.0; Windows NT 5.1; SV1; MRA 4.8 (build 01709); MEGAUPLOAD 1.0; InfoPath.1; .NET CLR 1.1.4322)"
208.80.194.35 www.africanacademy.org.za - [27/Aug/2010:17:07:49 +0200] "GET / HTTP/1.0" 200 577 "-" "Mozilla/4.0 (compatible; MSIE 7.0; Windows NT 5.1; CMS Music Store2 v1.00.13 (Music Store,1033); Tablet PC 1.7; .NET CLR 1.0.3705; .NET CLR 1.1.4322)"
74.125.16.1 www.cadacademy.org.za - [27/Aug/2010:17:28:55 +0200] "GET / HTTP/1.1" 200 589 "-" "Feedfetcher-Google; (+http://www.google.com/feedfetcher.html; feed-id=1205447457238165035)"
66.235.124.56 www.cadacademy.org.za - [27/Aug/2010:23:41:00 +0200] "GET /robots.txt HTTP/1.1" 404 216 "-" "Mozilla/5.0 (compatible; Ask Jeeves/Teoma; +http://about.ask.com/en/docs/about/webmasters.shtml)"
66.235.124.56 www.cadacademy.org.za - [27/Aug/2010:23:41:01 +0200] "GET / HTTP/1.1" 200 589 "-" "Mozilla/5.0 (compatible; Ask Jeeves/Teoma; +http://about.ask.com/en/docs/about/webmasters.shtml)"
208.80.194.32 www.africanacademy.org.za - [28/Aug/2010:01:26:09 +0200] "GET / HTTP/1.0" 200 577 "-" "Mozilla/4.0 (compatible; MSIE 6.0; Windows NT 5.0; Zango 10.0.314.0)"
65.52.53.244 www.cadacademy.org.za - [28/Aug/2010:02:46:21 +0200] "GET /robots.txt HTTP/1.1" 404 216 "-" "msnbot/2.0b (+http://search.msn.com/msnbot.htm)"
67.195.112.159 www.africanacademy.org.za - [28/Aug/2010:03:16:34 +0200] "GET /robots.txt HTTP/1.0" 404 204 "-" "Mozilla/5.0 (compatible; Yahoo! Slurp; http://help.yahoo.com/help/us/ysearch/slurp)"
67.195.112.159 www.africanacademy.org.za - [28/Aug/2010:03:16:35 +0200] "GET / HTTP/1.0" 200 577 "-" "Mozilla/5.0 (compatible; Yahoo! Slurp/3.0; http://help.yahoo.com/help/us/ysearch/slurp)"
67.195.115.171 www.cadacademy.org.za - [28/Aug/2010:08:05:11 +0200] "GET /robots.txt HTTP/1.0" 404 204 "-" "Mozilla/5.0 (compatible; Yahoo! Slurp; http://help.yahoo.com/help/us/ysearch/slurp)"
67.195.115.171 www.cadacademy.org.za - [28/Aug/2010:08:05:13 +0200] "GET /?D=D HTTP/1.0" 200 577 "-" "Mozilla/5.0 (compatible; Yahoo! Slurp/3.0; http://help.yahoo.com/help/us/ysearch/slurp)"
174.36.75.34 www.cadacademy.org.za - [28/Aug/2010:08:42:56 +0200] "GET /sitemap.xml HTTP/1.1" 404 217 "-" "Mozilla/5.0 (Windows; U; Windows NT 5.1; rv:1.7.3) Gecko/20041001 Firefox/0.10.1"
207.46.199.191 www.cadacademy.org.za - [28/Aug/2010:16:12:29 +0200] "GET /robots.txt HTTP/1.1" 404 216 "-" "msnbot/2.0b (+http://search.msn.com/msnbot.htm)"
67.195.115.171 www.cadacademy.org.za - [28/Aug/2010:17:20:01 +0200] "GET /robots.txt HTTP/1.0" 404 204 "-" "Mozilla/5.0 (compatible; Yahoo! Slurp; http://help.yahoo.com/help/us/ysearch/slurp)"
67.195.115.171 www.cadacademy.org.za - [28/Aug/2010:17:20:02 +0200] "GET /?M=A HTTP/1.0" 200 577 "-" "Mozilla/5.0 (compatible; Yahoo! Slurp/3.0; http://help.yahoo.com/help/us/ysearch/slurp)"
207.46.13.54 www.cadacademy.org.za - [28/Aug/2010:20:10:18 +0200] "GET /robots.txt HTTP/1.1" 404 216 "-" "msnbot/2.0b (+http://search.msn.com/msnbot.htm)"
207.46.13.54 www.cadacademy.org.za - [28/Aug/2010:20:49:32 +0200] "GET /start.htm HTTP/1.1" 404 215 "-" "msnbot/2.0b (+http://search.msn.com/msnbot.htm)"
85.92.222.254 www.africanacademy.org.za - [28/Aug/2010:21:52:07 +0200] "GET / HTTP/1.1" 200 589 "-" "Mozilla/4.0"
208.80.194.32 www.cadacademy.org.za - [28/Aug/2010:23:43:15 +0200] "GET / HTTP/1.0" 200 577 "-" "Mozilla/4.0 (compatible; MSIE 7.0; AOL 9.0; Windows NT 5.1; .NET CLR 1.0.3705; .NET CLR 1.1.4322; Media Center PC 3.1; ZangoToolbar 4.8.3; InfoPath.1; IEMB3)"
208.80.194.26 www.cadacademy.org.za - [29/Aug/2010:02:46:29 +0200] "GET / HTTP/1.0" 200 577 "-" "Mozilla/4.0 (compatible; MSIE 6.0; Windows NT 5.1; SV1; .NET CLR 1.1.4322; .NET CLR 2.0.50727; .NET CLR 3.0.04506.30; ZangoToolbar 4.8.3)"
208.80.194.32 www.africanacademy.org.za - [29/Aug/2010:03:11:37 +0200] "GET / HTTP/1.0" 200 577 "-" "Mozilla/4.0 (compatible; MSIE 7.0; Windows NT 5.1; IEMB3; FunWebProducts; .NET CLR 1.1.4322)"
66.249.68.41 www.africanacademy.org.za - [29/Aug/2010:04:03:42 +0200] "GET /robots.txt HTTP/1.1" 404 216 "-" "Googlebot-Image/1.0"
66.249.68.41 www.africanacademy.org.za - [29/Aug/2010:04:03:43 +0200] "GET /icons/unknown.gif HTTP/1.1" 304 - "-" "Googlebot-Image/1.0"
66.249.68.199 www.cadacademy.org.za - [29/Aug/2010:05:58:02 +0200] "GET /robots.txt HTTP/1.1" 404 216 "-" "Mozilla/5.0 (compatible; Googlebot/2.1; +http://www.google.com/bot.html)"
66.249.68.199 www.cadacademy.org.za - [29/Aug/2010:05:58:03 +0200] "GET / HTTP/1.1" 200 589 "-" "Mozilla/5.0 (compatible; Googlebot/2.1; +http://www.google.com/bot.html)"
65.52.49.141 www.cadacademy.org.za - [29/Aug/2010:07:25:05 +0200] "GET /robots.txt HTTP/1.1" 404 216 "-" "msnbot/2.0b (+http://search.msn.com/msnbot.htm)"
139.18.2.209 www.cadacademy.org.za - [29/Aug/2010:10:01:21 +0200] "GET /access_log HTTP/1.1" 200 12183 "-" "findlinks/1.1.6-beta1 (+http://wortschatz.uni-leipzig.de/findlinks/)"
208.80.194.32 www.africanacademy.org.za - [29/Aug/2010:10:32:22 +0200] "GET / HTTP/1.0" 200 577 "-" "Mozilla/4.0 (compatible; MSIE 6.0; Windows NT 5.1; SV1; CoxIE55; .NET CLR 1.1.4322; .NET CLR 2.0.50727; InfoPath.1)"
139.18.2.209 www.cadacademy.org.za - [29/Aug/2010:14:47:07 +0200] "GET /?N=D HTTP/1.1" 200 589 "-" "findlinks/1.1.6-beta1 (+http://wortschatz.uni-leipzig.de/findlinks/)"
88.131.106.22 www.cadacademy.org.za - [29/Aug/2010:15:50:33 +0200] "GET /robots.txt HTTP/1.0" 404 204 "-" "Mozilla/5.0 (Windows; U; Windows NT 5.1; en-US) Speedy Spider (http://www.entireweb.com/about/search_tech/speedy_spider/)"
88.131.106.22 www.cadacademy.org.za - [29/Aug/2010:15:50:33 +0200] "GET /?M=A HTTP/1.0" 200 577 "-" "Mozilla/5.0 (Windows; U; Windows NT 5.1; en-US) Speedy Spider (http://www.entireweb.com/about/search_tech/speedy_spider/)"
67.195.112.159 www.africanacademy.org.za - [29/Aug/2010:16:57:01 +0200] "GET /robots.txt HTTP/1.0" 404 204 "-" "Mozilla/5.0 (compatible; Yahoo! Slurp; http://help.yahoo.com/help/us/ysearch/slurp)"
67.195.112.159 www.africanacademy.org.za - [29/Aug/2010:16:57:02 +0200] "GET /?D=A HTTP/1.0" 200 577 "-" "Mozilla/5.0 (compatible; Yahoo! Slurp/3.0; http://help.yahoo.com/help/us/ysearch/slurp)"
139.18.2.209 www.cadacademy.org.za - [29/Aug/2010:21:43:44 +0200] "GET /?M=D HTTP/1.1" 200 589 "-" "findlinks/1.1.6-beta1 (+http://wortschatz.uni-leipzig.de/findlinks/)"
74.125.16.1 www.cadacademy.org.za - [29/Aug/2010:23:47:48 +0200] "GET / HTTP/1.1" 200 589 "-" "Feedfetcher-Google; (+http://www.google.com/feedfetcher.html; feed-id=1205447457238165035)"
38.99.97.228 www.cadacademy.org.za - [29/Aug/2010:23:51:40 +0200] "GET /robots.txt HTTP/1.1" 404 216 "-" "Mozilla/5.0 (compatible; ScoutJet; +http://www.scoutjet.com/)"
38.99.97.228 www.cadacademy.org.za - [29/Aug/2010:23:51:56 +0200] "GET / HTTP/1.1" 200 589 "-" "Mozilla/5.0 (compatible; ScoutJet; +http://www.scoutjet.com/)"
38.99.97.228 www.cadacademy.org.za - [29/Aug/2010:23:52:15 +0200] "GET /favicon.ico HTTP/1.1" 404 217 "-" "Mozilla/5.0 (compatible; ScoutJet; +http://www.scoutjet.com/)"
38.99.97.228 www.cadacademy.org.za - [29/Aug/2010:23:52:38 +0200] "GET /?D=A HTTP/1.1" 200 589 "-" "Mozilla/5.0 (compatible; ScoutJet; +http://www.scoutjet.com/)"
38.99.97.228 www.cadacademy.org.za - [29/Aug/2010:23:53:13 +0200] "GET /?M=A HTTP/1.1" 200 589 "-" "Mozilla/5.0 (compatible; ScoutJet; +http://www.scoutjet.com/)"
38.99.97.228 www.cadacademy.org.za - [29/Aug/2010:23:53:55 +0200] "GET /access_log HTTP/1.1" 200 19969 "-" "Mozilla/5.0 (compatible; ScoutJet; +http://www.scoutjet.com/)"
38.99.97.228 www.cadacademy.org.za - [29/Aug/2010:23:54:27 +0200] "GET /?N=D HTTP/1.1" 200 589 "-" "Mozilla/5.0 (compatible; ScoutJet; +http://www.scoutjet.com/)"
38.99.97.228 www.cadacademy.org.za - [29/Aug/2010:23:54:58 +0200] "GET /?S=A HTTP/1.1" 200 589 "-" "Mozilla/5.0 (compatible; ScoutJet; +http://www.scoutjet.com/)"
207.46.199.201 www.cadacademy.org.za - [30/Aug/2010:03:46:23 +0200] "GET /robots.txt HTTP/1.1" 404 216 "-" "msnbot/2.0b (+http://search.msn.com/msnbot.htm)"
74.125.16.1 www.cadacademy.org.za - [30/Aug/2010:10:45:24 +0200] "GET / HTTP/1.1" 200 589 "-" "Feedfetcher-Google; (+http://www.google.com/feedfetcher.html; feed-id=1205447457238165035)"
65.52.49.75 www.cadacademy.org.za - [30/Aug/2010:15:30:31 +0200] "GET /robots.txt HTTP/1.1" 404 216 "-" "msnbot/2.0b (+http://search.msn.com/msnbot.htm)"
66.249.71.214 www.cadacademy.org.za - [30/Aug/2010:16:37:15 +0200] "GET /robots.txt HTTP/1.1" 404 216 "-" "Googlebot-Image/1.0"
66.249.71.214 www.cadacademy.org.za - [30/Aug/2010:16:37:19 +0200] "GET /icons/blank.gif HTTP/1.1" 304 - "-" "Googlebot-Image/1.0"
66.249.71.19 www.africanacademy.org.za - [30/Aug/2010:16:58:33 +0200] "GET /robots.txt HTTP/1.1" 404 216 "-" "Mozilla/5.0 (compatible; Googlebot/2.1; +http://www.google.com/bot.html)"
66.249.71.19 www.africanacademy.org.za - [30/Aug/2010:16:58:37 +0200] "GET / HTTP/1.1" 200 589 "-" "Mozilla/5.0 (compatible; Googlebot/2.1; +http://www.google.com/bot.html)"
208.80.194.26 www.cadacademy.org.za - [30/Aug/2010:17:04:02 +0200] "GET / HTTP/1.0" 200 577 "-" "Mozilla/4.0 (compatible; MSIE 6.0; Windows NT 5.1; SV1; InfoPath.1; .NET CLR 2.0.50727; .NET CLR 1.1.4322; ZangoToolbar 4.8.2)"
208.80.194.30 www.africanacademy.org.za - [30/Aug/2010:17:27:42 +0200] "GET / HTTP/1.0" 200 577 "-" "Mozilla/4.0 (compatible; MSIE 7.0; Windows NT 5.1; {DDB59362-8EBF-34F5-1D98-64916F28C551}; .NET CLR 1.1.4322; MSN 6.1; MSNbMSFT; MSNmen-us; MSNc0z; MSNc00)"
67.195.115.171 www.cadacademy.org.za - [30/Aug/2010:19:34:25 +0200] "GET /robots.txt HTTP/1.0" 404 204 "-" "Mozilla/5.0 (compatible; Yahoo! Slurp; http://help.yahoo.com/help/us/ysearch/slurp)"
67.195.115.171 www.cadacademy.org.za - [30/Aug/2010:19:34:26 +0200] "GET / HTTP/1.0" 200 577 "-" "Mozilla/5.0 (compatible; Yahoo! Slurp/3.0; http://help.yahoo.com/help/us/ysearch/slurp)"
207.46.199.177 www.cadacademy.org.za - [30/Aug/2010:23:16:27 +0200] "GET /robots.txt HTTP/1.1" 404 216 "-" "msnbot/2.0b (+http://search.msn.com/msnbot.htm)"
208.80.194.55 www.africanacademy.org.za - [31/Aug/2010:01:17:36 +0200] "GET / HTTP/1.0" 200 577 "-" "Mozilla/4.0 (compatible; MSIE 7.0; Windows NT 5.1; TBP_7.0_GS)"
66.249.71.214 www.cadacademy.org.za - [31/Aug/2010:04:24:03 +0200] "GET / HTTP/1.1" 200 589 "-" "Mozilla/5.0 (compatible; Googlebot/2.1; +http://www.google.com/bot.html)"
207.46.13.41 www.cadacademy.org.za - [31/Aug/2010:06:52:46 +0200] "GET /robots.txt HTTP/1.1" 404 216 "-" "msnbot/2.0b (+http://search.msn.com/msnbot.htm)"
174.143.149.107 www.cadacademy.org.za - [31/Aug/2010:06:59:06 +0200] "GET / HTTP/1.1" 200 589 "-" "-"
207.46.13.41 www.cadacademy.org.za - [31/Aug/2010:07:09:19 +0200] "GET /staff.htm HTTP/1.1" 404 215 "-" "msnbot/2.0b (+http://search.msn.com/msnbot.htm)"
207.46.195.105 www.cadacademy.org.za - [31/Aug/2010:08:44:16 +0200] "GET /robots.txt HTTP/1.1" 404 216 "-" "msnbot/2.0b (+http://search.msn.com/msnbot.htm)"
207.46.195.105 www.cadacademy.org.za - [31/Aug/2010:09:09:21 +0200] "GET /start.htm HTTP/1.1" 404 215 "-" "msnbot/2.0b (+http://search.msn.com/msnbot.htm)"
67.195.115.171 www.cadacademy.org.za - [31/Aug/2010:09:28:11 +0200] "GET /robots.txt HTTP/1.0" 404 204 "-" "Mozilla/5.0 (compatible; Yahoo! Slurp; http://help.yahoo.com/help/us/ysearch/slurp)"
67.195.115.171 www.cadacademy.org.za - [31/Aug/2010:09:28:13 +0200] "GET /?D=A HTTP/1.0" 200 577 "-" "Mozilla/5.0 (compatible; Yahoo! Slurp/3.0; http://help.yahoo.com/help/us/ysearch/slurp)"
74.125.16.1 www.cadacademy.org.za - [31/Aug/2010:09:33:11 +0200] "GET / HTTP/1.1" 200 589 "-" "Feedfetcher-Google; (+http://www.google.com/feedfetcher.html; feed-id=1205447457238165035)"
74.125.16.1 www.cadacademy.org.za - [31/Aug/2010:10:02:37 +0200] "GET / HTTP/1.1" 200 589 "-" "Feedfetcher-Google; (+http://www.google.com/feedfetcher.html; feed-id=1205447457238165035)"
207.46.13.135 www.cadacademy.org.za - [31/Aug/2010:10:18:52 +0200] "GET /robots.txt HTTP/1.1" 404 216 "-" "msnbot/2.0b (+http://search.msn.com/msnbot.htm)"
207.46.13.135 www.cadacademy.org.za - [31/Aug/2010:10:40:13 +0200] "GET / HTTP/1.1" 200 589 "-" "msnbot/2.0b (+http://search.msn.com/msnbot.htm)"
74.125.16.1 www.cadacademy.org.za - [31/Aug/2010:17:57:41 +0200] "GET / HTTP/1.1" 200 589 "-" "Feedfetcher-Google; (+http://www.google.com/feedfetcher.html; feed-id=1205447457238165035)"
67.195.115.171 www.cadacademy.org.za - [31/Aug/2010:17:58:48 +0200] "GET /robots.txt HTTP/1.0" 404 204 "-" "Mozilla/5.0 (compatible; Yahoo! Slurp; http://help.yahoo.com/help/us/ysearch/slurp)"
67.195.115.171 www.cadacademy.org.za - [31/Aug/2010:17:58:50 +0200] "GET /?S=D HTTP/1.0" 200 577 "-" "Mozilla/5.0 (compatible; Yahoo! Slurp/3.0; http://help.yahoo.com/help/us/ysearch/slurp)"
67.195.115.171 www.cadacademy.org.za - [31/Aug/2010:20:05:10 +0200] "GET /?N=D HTTP/1.0" 200 577 "-" "Mozilla/5.0 (compatible; Yahoo! Slurp/3.0; http://help.yahoo.com/help/us/ysearch/slurp)"
74.125.16.1 www.cadacademy.org.za - [31/Aug/2010:20:30:58 +0200] "GET / HTTP/1.1" 200 589 "-" "Feedfetcher-Google; (+http://www.google.com/feedfetcher.html; feed-id=1205447457238165035)"
193.47.80.42 www.cadacademy.org.za - [31/Aug/2010:21:37:00 +0200] "GET /robots.txt HTTP/1.1" 404 216 "-" "Mozilla/5.0 (compatible; Exabot/3.0; +http://www.exabot.com/go/robot)"
193.47.80.42 www.cadacademy.org.za - [31/Aug/2010:21:37:00 +0200] "GET /?N=D HTTP/1.1" 200 589 "-" "Mozilla/5.0 (compatible; Exabot/3.0; +http://www.exabot.com/go/robot)"
74.125.16.1 www.cadacademy.org.za - [31/Aug/2010:22:05:08 +0200] "GET / HTTP/1.1" 200 589 "-" "Feedfetcher-Google; (+http://www.google.com/feedfetcher.html; feed-id=1205447457238165035)"
193.47.80.42 www.cadacademy.org.za - [31/Aug/2010:22:13:13 +0200] "GET /?D=A HTTP/1.1" 200 589 "-" "Mozilla/5.0 (compatible; Exabot/3.0; +http://www.exabot.com/go/robot)"
65.52.49.75 www.cadacademy.org.za - [31/Aug/2010:22:28:27 +0200] "GET /robots.txt HTTP/1.1" 404 216 "-" "msnbot/2.0b (+http://search.msn.com/msnbot.htm)"
193.47.80.42 www.cadacademy.org.za - [31/Aug/2010:23:43:19 +0200] "GET /access_log HTTP/1.1" 200 26530 "-" "Mozilla/5.0 (compatible; Exabot/3.0; +http://www.exabot.com/go/robot)"
208.80.194.26 www.cadacademy.org.za - [01/Sep/2010:00:22:14 +0200] "GET / HTTP/1.0" 200 577 "-" "Mozilla/4.0 (compatible; MSIE 6.0; Windows NT 5.1; SV1; .NET CLR 1.0.3705; .NET CLR 1.1.4322; MSN 6.1; MSNbMSFT; MSNmen-ca; MSNc00; v5m)"
66.249.68.41 www.africanacademy.org.za - [01/Sep/2010:02:52:54 +0200] "GET /robots.txt HTTP/1.1" 404 216 "-" "Mozilla/5.0 (compatible; Googlebot/2.1; +http://www.google.com/bot.html)"
66.249.68.41 www.africanacademy.org.za - [01/Sep/2010:02:52:55 +0200] "GET / HTTP/1.1" 200 589 "-" "Mozilla/5.0 (compatible; Googlebot/2.1; +http://www.google.com/bot.html)"
208.80.194.31 www.cadacademy.org.za - [01/Sep/2010:03:27:57 +0200] "GET / HTTP/1.0" 200 577 "-" "Mozilla/4.0 (compatible; MSIE 6.0; Windows NT 5.1; SV1; AtHome021SI; .NET CLR 1.1.4322; .NET CLR 2.0.50727)"
208.80.194.30 www.africanacademy.org.za - [01/Sep/2010:03:57:29 +0200] "GET / HTTP/1.0" 200 577 "-" "Mozilla/4.0 (compatible; MSIE 6.0; Windows NT 5.1; SV1; BT Openworld Broadband; YPC 3.2.0; .NET CLR 1.1.4322; .NET CLR 2.0.50727; yplus 5.3.03b)"
88.131.106.22 www.cadacademy.org.za - [01/Sep/2010:07:51:11 +0200] "GET /robots.txt HTTP/1.0" 404 204 "-" "Mozilla/5.0 (Windows; U; Windows NT 5.1; en-US) Speedy Spider (http://www.entireweb.com/about/search_tech/speedy_spider/)"
88.131.106.22 www.cadacademy.org.za - [01/Sep/2010:07:51:21 +0200] "GET /?D=A HTTP/1.0" 200 577 "-" "Mozilla/5.0 (Windows; U; Windows NT 5.1; en-US) Speedy Spider (http://www.entireweb.com/about/search_tech/speedy_spider/)"
74.125.16.1 www.cadacademy.org.za - [01/Sep/2010:08:14:29 +0200] "GET / HTTP/1.1" 200 589 "-" "Feedfetcher-Google; (+http://www.google.com/feedfetcher.html; feed-id=1205447457238165035)"
207.46.199.180 www.cadacademy.org.za - [01/Sep/2010:10:04:25 +0200] "GET /robots.txt HTTP/1.1" 404 216 "-" "msnbot/2.0b (+http://search.msn.com/msnbot.htm)"
208.80.194.34 www.africanacademy.org.za - [01/Sep/2010:11:33:51 +0200] "GET / HTTP/1.0" 200 577 "-" "Mozilla/4.0 (compatible; MSIE 6.0; Windows NT 5.1; {0B2CBCAF-AFF0-A66E-9050-E3CADDECDB86}; (R1 1.5); .NET CLR 1.1.4322; .NET CLR 2.0.50727)"
66.249.65.81 www.cadacademy.org.za - [01/Sep/2010:13:36:03 +0200] "GET /robots.txt HTTP/1.1" 404 216 "-" "Mozilla/5.0 (compatible; Googlebot/2.1; +http://www.google.com/bot.html)"
66.249.65.81 www.cadacademy.org.za - [01/Sep/2010:13:36:03 +0200] "GET / HTTP/1.1" 200 589 "-" "Mozilla/5.0 (compatible; Googlebot/2.1; +http://www.google.com/bot.html)"
207.46.13.95 www.cadacademy.org.za - [01/Sep/2010:16:11:58 +0200] "GET /robots.txt HTTP/1.1" 404 216 "-" "msnbot/2.0b (+http://search.msn.com/msnbot.htm)"
207.46.13.95 www.cadacademy.org.za - [01/Sep/2010:16:19:03 +0200] "GET /?N=D HTTP/1.1" 200 589 "-" "msnbot/2.0b (+http://search.msn.com/msnbot.htm)"
74.125.16.1 www.cadacademy.org.za - [01/Sep/2010:19:35:09 +0200] "GET / HTTP/1.1" 200 589 "-" "Feedfetcher-Google; (+http://www.google.com/feedfetcher.html; feed-id=1205447457238165035)"
74.125.16.1 www.cadacademy.org.za - [01/Sep/2010:22:07:01 +0200] "GET / HTTP/1.1" 200 589 "-" "Feedfetcher-Google; (+http://www.google.com/feedfetcher.html; feed-id=1205447457238165035)"
207.46.199.193 www.cadacademy.org.za - [02/Sep/2010:02:39:37 +0200] "GET /robots.txt HTTP/1.1" 404 216 "-" "msnbot/2.0b (+http://search.msn.com/msnbot.htm)"
65.52.49.77 www.cadacademy.org.za - [02/Sep/2010:05:16:58 +0200] "GET /robots.txt HTTP/1.1" 404 216 "-" "msnbot/2.0b (+http://search.msn.com/msnbot.htm)"
67.195.115.171 www.cadacademy.org.za - [02/Sep/2010:06:33:44 +0200] "GET /robots.txt HTTP/1.0" 404 204 "-" "Mozilla/5.0 (compatible; Yahoo! Slurp; http://help.yahoo.com/help/us/ysearch/slurp)"
67.195.115.171 www.cadacademy.org.za - [02/Sep/2010:06:33:45 +0200] "GET /start.htm HTTP/1.0" 404 203 "-" "Mozilla/5.0 (compatible; Yahoo! Slurp/3.0; http://help.yahoo.com/help/us/ysearch/slurp)"
207.46.199.49 www.cadacademy.org.za - [02/Sep/2010:08:27:33 +0200] "GET /robots.txt HTTP/1.1" 404 216 "-" "msnbot/2.0b (+http://search.msn.com/msnbot.htm)"
207.46.199.49 www.cadacademy.org.za - [02/Sep/2010:08:42:05 +0200] "GET /?N=A HTTP/1.1" 200 589 "-" "msnbot/2.0b (+http://search.msn.com/msnbot.htm)"
74.125.16.1 www.cadacademy.org.za - [02/Sep/2010:09:01:12 +0200] "GET / HTTP/1.1" 200 589 "-" "Feedfetcher-Google; (+http://www.google.com/feedfetcher.html; feed-id=1205447457238165035)"
208.80.194.34 www.cadacademy.org.za - [02/Sep/2010:10:11:13 +0200] "GET / HTTP/1.0" 200 577 "-" "Mozilla/4.0 (compatible; MSIE 6.0; Windows NT 5.1; SV1; Mozilla/4.0 (compatible; MSIE 6.0; Windows NT 5.1; SV1) ; InfoPath.2; .NET CLR 1.1.4322)"
74.125.16.1 www.cadacademy.org.za - [02/Sep/2010:10:50:34 +0200] "GET / HTTP/1.1" 200 589 "-" "Feedfetcher-Google; (+http://www.google.com/feedfetcher.html; feed-id=1205447457238165035)"
74.125.16.1 www.cadacademy.org.za - [02/Sep/2010:10:51:02 +0200] "GET / HTTP/1.1" 200 589 "-" "Feedfetcher-Google; (+http://www.google.com/feedfetcher.html; feed-id=1205447457238165035)"
74.125.16.1 www.cadacademy.org.za - [02/Sep/2010:11:53:33 +0200] "GET / HTTP/1.1" 200 589 "-" "Feedfetcher-Google; (+http://www.google.com/feedfetcher.html; feed-id=1205447457238165035)"
74.125.16.1 www.cadacademy.org.za - [02/Sep/2010:12:40:36 +0200] "GET / HTTP/1.1" 200 589 "-" "Feedfetcher-Google; (+http://www.google.com/feedfetcher.html; feed-id=1205447457238165035)"
208.80.194.32 www.cadacademy.org.za - [02/Sep/2010:13:31:35 +0200] "GET / HTTP/1.0" 200 577 "-" "Mozilla/4.0 (compatible; MSIE 6.0; Windows NT 5.1; istb 702; SV1; FunWebProducts; .NET CLR 1.1.4322)"
208.80.194.31 www.africanacademy.org.za - [02/Sep/2010:13:58:48 +0200] "GET / HTTP/1.0" 200 577 "-" "Mozilla/4.0 (compatible; MSIE 6.0; Windows NT 5.1; SV1; iebar; acc=username; .NET CLR 1.1.4322; MEGAUPLOAD 1.0)"
207.46.199.180 www.cadacademy.org.za - [02/Sep/2010:16:32:32 +0200] "GET /robots.txt HTTP/1.1" 404 216 "-" "msnbot/2.0b (+http://search.msn.com/msnbot.htm)"
207.46.199.193 www.cadacademy.org.za - [02/Sep/2010:19:31:09 +0200] "GET /robots.txt HTTP/1.1" 404 216 "-" "msnbot/2.0b (+http://search.msn.com/msnbot.htm)"
74.125.16.1 www.cadacademy.org.za - [02/Sep/2010:20:11:01 +0200] "GET / HTTP/1.1" 200 589 "-" "Feedfetcher-Google; (+http://www.google.com/feedfetcher.html; feed-id=1205447457238165035)"
188.40.74.66 www.cadacademy.org.za - [02/Sep/2010:22:05:59 +0200] "GET /?S=A HTTP/1.1" 200 589 "-" "findlinks/1.1.6-beta1 (+http://wortschatz.uni-leipzig.de/findlinks/; YaCy 0.1; yacy.net)"
207.46.195.242 www.cadacademy.org.za - [02/Sep/2010:22:48:51 +0200] "GET /robots.txt HTTP/1.1" 404 216 "-" "msnbot/2.0b (+http://search.msn.com/msnbot.htm)"
207.46.195.242 www.cadacademy.org.za - [02/Sep/2010:23:20:16 +0200] "GET /start.htm HTTP/1.1" 404 215 "-" "msnbot/2.0b (+http://search.msn.com/msnbot.htm)"
66.249.65.73 www.cadacademy.org.za - [02/Sep/2010:23:34:14 +0200] "GET /robots.txt HTTP/1.1" 404 216 "-" "Mozilla/5.0 (compatible; Googlebot/2.1; +http://www.google.com/bot.html)"
66.249.65.73 www.cadacademy.org.za - [02/Sep/2010:23:34:15 +0200] "GET / HTTP/1.1" 200 589 "-" "Mozilla/5.0 (compatible; Googlebot/2.1; +http://www.google.com/bot.html)"
208.80.194.53 www.africanacademy.org.za - [03/Sep/2010:03:08:49 +0200] "GET / HTTP/1.0" 200 577 "-" "Mozilla/4.0 (compatible; MSIE 7.0; Windows NT 5.1; .NET CLR 1.1.4322; yplus 5.1.03b)"
93.210.104.216 www.cadacademy.org.za - [03/Sep/2010:03:10:01 +0200] "GET /access_log HTTP/1.1" 200 33961 "-" "vppn0prsquyMvbtM0i hem rM"
193.47.80.42 www.cadacademy.org.za - [03/Sep/2010:09:13:45 +0200] "GET /robots.txt HTTP/1.1" 404 216 "-" "Mozilla/5.0 (compatible; Exabot/3.0; +http://www.exabot.com/go/robot)"
193.47.80.42 www.cadacademy.org.za - [03/Sep/2010:09:13:46 +0200] "GET / HTTP/1.1" 200 589 "-" "Mozilla/5.0 (compatible; Exabot/3.0; +http://www.exabot.com/go/robot)"
41.247.196.126 www.cadacademy.org.za - [03/Sep/2010:09:29:10 +0200] "GET / HTTP/1.1" 200 589 "http://www.linkedin.com/profile?viewProfile=&key=6672757&trk=EML-inv-acc-prof" "Mozilla/4.0 (compatible; MSIE 7.0; Windows NT 6.0; SLCC1; .NET CLR 2.0.50727; .NET CLR 3.5.30729; .NET CLR 3.0.30618)"
41.247.196.126 www.cadacademy.org.za - [03/Sep/2010:09:29:10 +0200] "GET /icons/back.gif HTTP/1.1" 200 216 "http://www.cadacademy.org.za/" "Mozilla/4.0 (compatible; MSIE 7.0; Windows NT 6.0; SLCC1; .NET CLR 2.0.50727; .NET CLR 3.5.30729; .NET CLR 3.0.30618)"
41.247.196.126 www.cadacademy.org.za - [03/Sep/2010:09:29:10 +0200] "GET /icons/blank.gif HTTP/1.1" 200 148 "http://www.cadacademy.org.za/" "Mozilla/4.0 (compatible; MSIE 7.0; Windows NT 6.0; SLCC1; .NET CLR 2.0.50727; .NET CLR 3.5.30729; .NET CLR 3.0.30618)"
41.247.196.126 www.cadacademy.org.za - [03/Sep/2010:09:29:10 +0200] "GET /icons/unknown.gif HTTP/1.1" 200 245 "http://www.cadacademy.org.za/" "Mozilla/4.0 (compatible; MSIE 7.0; Windows NT 6.0; SLCC1; .NET CLR 2.0.50727; .NET CLR 3.5.30729; .NET CLR 3.0.30618)"
41.247.196.126 www.cadacademy.org.za - [03/Sep/2010:09:29:10 +0200] "GET /favicon.ico HTTP/1.1" 404 217 "-" "Mozilla/4.0 (compatible; MSIE 7.0; Windows NT 6.0; SLCC1; .NET CLR 2.0.50727; .NET CLR 3.5.30729; .NET CLR 3.0.30618)"
74.125.16.1 www.cadacademy.org.za - [03/Sep/2010:09:40:52 +0200] "GET / HTTP/1.1" 200 589 "-" "Feedfetcher-Google; (+http://www.google.com/feedfetcher.html; feed-id=1205447457238165035)"
207.46.199.198 www.cadacademy.org.za - [03/Sep/2010:10:04:06 +0200] "GET /robots.txt HTTP/1.1" 404 216 "-" "msnbot/2.0b (+http://search.msn.com/msnbot.htm)"
65.52.49.77 www.cadacademy.org.za - [03/Sep/2010:11:37:48 +0200] "GET /robots.txt HTTP/1.1" 404 216 "-" "msnbot/2.0b (+http://search.msn.com/msnbot.htm)"
67.195.115.171 www.cadacademy.org.za - [03/Sep/2010:15:54:27 +0200] "GET /robots.txt HTTP/1.0" 404 204 "-" "Mozilla/5.0 (compatible; Yahoo! Slurp; http://help.yahoo.com/help/us/ysearch/slurp)"
67.195.115.171 www.cadacademy.org.za - [03/Sep/2010:15:54:31 +0200] "GET /access_log HTTP/1.0" 200 36436 "-" "Mozilla/5.0 (compatible; Yahoo! Slurp/3.0; http://help.yahoo.com/help/us/ysearch/slurp)"
66.249.65.119 www.cadacademy.org.za - [03/Sep/2010:17:16:41 +0200] "GET /robots.txt HTTP/1.1" 404 216 "-" "Mozilla/5.0 (compatible; Googlebot/2.1; +http://www.google.com/bot.html)"
64.246.161.30 www.africanacademy.org.za - [03/Sep/2010:23:38:01 +0200] "GET /robots.txt HTTP/1.0" 404 204 "-" "Mozilla/5.0 (Windows; U; Windows NT 5.1; en; rv:1.9.0.13) Gecko/2009073022 Firefox/3.5.2 (.NET CLR 3.5.30729) SurveyBot/2.3 (DomainTools)"
64.246.161.30 www.africanacademy.org.za - [03/Sep/2010:23:38:01 +0200] "GET / HTTP/1.1" 200 589 "http://whois.domaintools.com/africanacademy.org.za" "Mozilla/5.0 (Windows; U; Windows NT 5.1; en; rv:1.9.0.13) Gecko/2009073022 Firefox/3.5.2 (.NET CLR 3.5.30729) SurveyBot/2.3 (DomainTools)"
208.80.194.27 www.cadacademy.org.za - [04/Sep/2010:01:52:09 +0200] "GET / HTTP/1.0" 200 577 "-" "Mozilla/4.0 (compatible; MSIE 6.0; Windows NT 5.1; SV1; FunWebProducts; .NET CLR 1.0.3705; .NET CLR 1.1.4322; Media Center PC 3.1; Creative ZENcast v1.02.08)"
67.195.112.159 www.africanacademy.org.za - [04/Sep/2010:03:19:01 +0200] "GET /robots.txt HTTP/1.0" 404 204 "-" "Mozilla/5.0 (compatible; Yahoo! Slurp; http://help.yahoo.com/help/us/ysearch/slurp)"
67.195.112.159 www.africanacademy.org.za - [04/Sep/2010:03:19:02 +0200] "GET / HTTP/1.0" 200 577 "-" "Mozilla/5.0 (compatible; Yahoo! Slurp/3.0; http://help.yahoo.com/help/us/ysearch/slurp)"
208.80.194.32 www.cadacademy.org.za - [04/Sep/2010:04:44:16 +0200] "GET / HTTP/1.0" 200 577 "-" "Mozilla/4.0 (compatible; MSIE 6.0; Windows NT 5.1; SV1; .NET CLR 1.0.3705; .NET CLR 1.1.4322; SpamBlockerUtility 4.6.1)"
208.80.194.32 www.africanacademy.org.za - [04/Sep/2010:05:07:04 +0200] "GET / HTTP/1.0" 200 577 "-" "Mozilla/4.0 (compatible; MSIE 6.0; Windows NT 5.1; SV1; Hotbar 4.5.1.0; .NET CLR 1.1.4322)"
207.46.199.179 www.cadacademy.org.za - [04/Sep/2010:10:36:36 +0200] "GET /robots.txt HTTP/1.1" 404 216 "-" "msnbot/2.0b (+http://search.msn.com/msnbot.htm)"
74.125.16.1 www.cadacademy.org.za - [04/Sep/2010:11:58:55 +0200] "GET / HTTP/1.1" 200 589 "-" "Feedfetcher-Google; (+http://www.google.com/feedfetcher.html; feed-id=1205447457238165035)"
208.80.194.26 www.africanacademy.org.za - [04/Sep/2010:12:46:06 +0200] "GET / HTTP/1.0" 200 577 "-" "Mozilla/4.0 (compatible; MSIE 7.0; America Online Browser 1.1; Windows NT 5.1; FunWebProducts; .NET CLR 1.0.3705; Media Center PC 2.8)"
65.52.51.178 www.cadacademy.org.za - [04/Sep/2010:17:12:28 +0200] "GET /robots.txt HTTP/1.1" 404 216 "-" "msnbot/2.0b (+http://search.msn.com/msnbot.htm)"
207.46.199.200 www.cadacademy.org.za - [04/Sep/2010:17:57:00 +0200] "GET /robots.txt HTTP/1.1" 404 216 "-" "msnbot/2.0b (+http://search.msn.com/msnbot.htm)"
88.131.106.5 www.cadacademy.org.za - [04/Sep/2010:18:22:17 +0200] "GET /robots.txt HTTP/1.0" 404 204 "-" "Mozilla/5.0 (Windows; U; Windows NT 5.1; en-US) Speedy Spider (http://www.entireweb.com/about/search_tech/speedy_spider/)"
88.131.106.6 www.cadacademy.org.za - [04/Sep/2010:18:22:19 +0200] "GET /?N=D HTTP/1.0" 200 577 "-" "Mozilla/5.0 (Windows; U; Windows NT 5.1; en-US) Speedy Spider (http://www.entireweb.com/about/search_tech/speedy_spider/)"
67.195.115.171 www.cadacademy.org.za - [04/Sep/2010:19:20:21 +0200] "GET /robots.txt HTTP/1.0" 404 204 "-" "Mozilla/5.0 (compatible; Yahoo! Slurp; http://help.yahoo.com/help/us/ysearch/slurp)"
67.195.115.171 www.cadacademy.org.za - [04/Sep/2010:19:20:22 +0200] "GET / HTTP/1.0" 200 577 "-" "Mozilla/5.0 (compatible; Yahoo! Slurp/3.0; http://help.yahoo.com/help/us/ysearch/slurp)"
207.46.199.191 www.cadacademy.org.za - [04/Sep/2010:19:26:07 +0200] "GET /robots.txt HTTP/1.1" 404 216 "-" "msnbot/2.0b (+http://search.msn.com/msnbot.htm)"
64.246.165.10 www.cadacademy.org.za - [04/Sep/2010:19:31:51 +0200] "GET /robots.txt HTTP/1.0" 404 204 "-" "Mozilla/5.0 (Windows; U; Windows NT 5.1; en; rv:1.9.0.13) Gecko/2009073022 Firefox/3.5.2 (.NET CLR 3.5.30729) SurveyBot/2.3 (DomainTools)"
64.246.165.10 www.cadacademy.org.za - [04/Sep/2010:19:31:52 +0200] "GET / HTTP/1.1" 200 589 "http://whois.domaintools.com/cadacademy.org.za" "Mozilla/5.0 (Windows; U; Windows NT 5.1; en; rv:1.9.0.13) Gecko/2009073022 Firefox/3.5.2 (.NET CLR 3.5.30729) SurveyBot/2.3 (DomainTools)"
66.249.65.105 www.cadacademy.org.za - [04/Sep/2010:19:40:08 +0200] "GET /robots.txt HTTP/1.1" 404 216 "-" "Mozilla/5.0 (compatible; Googlebot/2.1; +http://www.google.com/bot.html)"
66.249.65.105 www.cadacademy.org.za - [04/Sep/2010:19:40:08 +0200] "GET / HTTP/1.1" 200 589 "-" "Mozilla/5.0 (compatible; Googlebot/2.1; +http://www.google.com/bot.html)"
193.47.80.42 www.cadacademy.org.za - [04/Sep/2010:20:10:41 +0200] "GET /robots.txt HTTP/1.1" 404 216 "-" "Mozilla/5.0 (compatible; Exabot/3.0; +http://www.exabot.com/go/robot)"
193.47.80.42 www.cadacademy.org.za - [04/Sep/2010:20:10:42 +0200] "GET / HTTP/1.1" 200 589 "-" "Mozilla/5.0 (compatible; Exabot/3.0; +http://www.exabot.com/go/robot)"
66.249.65.101 www.africanacademy.org.za - [04/Sep/2010:20:29:11 +0200] "GET /robots.txt HTTP/1.1" 404 216 "-" "Mozilla/5.0 (compatible; Googlebot/2.1; +http://www.google.com/bot.html)"
66.249.65.101 www.africanacademy.org.za - [04/Sep/2010:20:29:11 +0200] "GET / HTTP/1.1" 200 589 "-" "Mozilla/5.0 (compatible; Googlebot/2.1; +http://www.google.com/bot.html)"
139.18.2.209 www.cadacademy.org.za - [04/Sep/2010:20:29:35 +0200] "GET /?D=A HTTP/1.1" 200 589 "-" "findlinks/1.1.6-beta1 (+http://wortschatz.uni-leipzig.de/findlinks/)"
207.46.199.50 www.cadacademy.org.za - [04/Sep/2010:20:42:36 +0200] "GET /robots.txt HTTP/1.1" 404 216 "-" "msnbot/2.0b (+http://search.msn.com/msnbot.htm)"
207.46.199.50 www.cadacademy.org.za - [04/Sep/2010:21:02:16 +0200] "GET /?M=A HTTP/1.1" 200 589 "-" "msnbot/2.0b (+http://search.msn.com/msnbot.htm)"
38.107.191.85 www.cadacademy.org.za - [04/Sep/2010:23:59:19 +0200] "GET /robots.txt HTTP/1.1" 404 216 "-" "CCBot/1.0 (+http://www.commoncrawl.org/bot.html)"